{"id":284578,"date":"2026-09-02T17:11:01","date_gmt":"2026-09-02T20:11:01","guid":{"rendered":"https:\/\/losangeles.udec.cl\/?post_type=tribe_events&#038;p=284578"},"modified":"2026-09-02T17:11:01","modified_gmt":"2026-09-02T20:11:01","slug":"exposiciones-los-colores-del-ermitano-la-aventura-de-los-fosforos","status":"publish","type":"tribe_events","link":"https:\/\/losangeles.udec.cl\/index.php\/event\/exposiciones-los-colores-del-ermitano-la-aventura-de-los-fosforos\/","title":{"rendered":"Exposiciones: \u201cLos colores del Ermita\u00f1o\u201d &#8211; \u201cLa aventura de los f\u00f3sforos\u201d"},"content":{"rendered":"<p><a href=\"https:\/\/www.instagram.com\/explore\/tags\/Extensi\u00f3nUdeC\/\" target=\"_blank\" rel=\"nofollow noopener\">#Extensi\u00f3nUdeC<\/a><\/p>\n<p>Septiembre se llena de arte en el Campus Los \u00c1ngeles<\/p>\n<p>Este jueves 3 de septiembre inauguraremos dos nuevas muestras art\u00edsticas que estar\u00e1n abiertas a nuestra comunidad durante este mes:<\/p>\n<p>\u201cLos colores del Ermita\u00f1o\u201d<br \/>\nArtista: Rodrigo Calder\u00f3n<br \/>\n\ud83d\udccd Hall de Exposiciones<\/p>\n<p>\u201cLa aventura de los f\u00f3sforos\u201d<br \/>\nArtista: Ra\u00fal Rivadeneira Pizarro<br \/>\n\ud83d\udccd Sala de Exposiciones<\/p>\n<p><strong>La inauguraci\u00f3n se realizar\u00e1 este jueves 3 de septiembre, a las 17:00 horas, en dependencias de la Universidad de Concepci\u00f3n, Campus Los \u00c1ngeles.<\/strong><br \/>\nUna invitaci\u00f3n a encontrarnos con el arte, conocer nuevas miradas y disfrutar de nuestro campus como un espacio abierto a la creaci\u00f3n y la cultura.<\/p>\n","protected":false},"excerpt":{"rendered":"<p>#Extensi\u00f3nUdeC Septiembre se llena de arte en el Campus Los \u00c1ngeles Este jueves 3 de septiembre inauguraremos dos nuevas muestras art\u00edsticas que estar\u00e1n abiertas a nuestra comunidad durante este mes: [&hellip;]<\/p>\n","protected":false},"author":1,"featured_media":284579,"template":"","meta":{"_et_pb_use_builder":"","_et_pb_old_content":"","_et_gb_content_width":"","_tribe_events_status":"","_tribe_events_status_reason":"","footnotes":""},"tags":[],"tribe_events_cat":[10],"class_list":["post-284578","tribe_events","type-tribe_events","status-publish","has-post-thumbnail","hentry","tribe_events_cat-eventos","cat_eventos"],"_links":{"self":[{"href":"https:\/\/losangeles.udec.cl\/index.php\/wp-json\/wp\/v2\/tribe_events\/284578","targetHints":{"allow":["GET"]}}],"collection":[{"href":"https:\/\/losangeles.udec.cl\/index.php\/wp-json\/wp\/v2\/tribe_events"}],"about":[{"href":"https:\/\/losangeles.udec.cl\/index.php\/wp-json\/wp\/v2\/types\/tribe_events"}],"author":[{"embeddable":true,"href":"https:\/\/losangeles.udec.cl\/index.php\/wp-json\/wp\/v2\/users\/1"}],"version-history":[{"count":2,"href":"https:\/\/losangeles.udec.cl\/index.php\/wp-json\/wp\/v2\/tribe_events\/284578\/revisions"}],"predecessor-version":[{"id":284581,"href":"https:\/\/losangeles.udec.cl\/index.php\/wp-json\/wp\/v2\/tribe_events\/284578\/revisions\/284581"}],"wp:featuredmedia":[{"embeddable":true,"href":"https:\/\/losangeles.udec.cl\/index.php\/wp-json\/wp\/v2\/media\/284579"}],"wp:attachment":[{"href":"https:\/\/losangeles.udec.cl\/index.php\/wp-json\/wp\/v2\/media?parent=284578"}],"wp:term":[{"taxonomy":"post_tag","embeddable":true,"href":"https:\/\/losangeles.udec.cl\/index.php\/wp-json\/wp\/v2\/tags?post=284578"},{"taxonomy":"tribe_events_cat","embeddable":true,"href":"https:\/\/losangeles.udec.cl\/index.php\/wp-json\/wp\/v2\/tribe_events_cat?post=284578"}],"curies":[{"name":"wp","href":"https:\/\/api.w.org\/{rel}","templated":true}]}}

Exposiciones: “Los colores del Ermitaño” &#8211; “La aventura de los fósforos”

<p><a href="https://www.instagram.com/explore/tags/ExtensiónUdeC/" target="_blank" rel="nofollow noopener">#ExtensiónUdeC</a></p>
<p>Septiembre se llena de arte en el Campus Los Ángeles</p>
<p>Este jueves 3 de septiembre inauguraremos dos nuevas muestras artísticas que estarán abiertas a nuestra comunidad durante este mes:</p>
<p>“Los colores del Ermitaño”<br />
Artista: Rodrigo Calderón<br />
📍 Hall de Exposiciones</p>
<p>“La aventura de los fósforos”<br />
Artista: Raúl Rivadeneira Pizarro<br />
📍 Sala de Exposiciones</p>
<p><strong>La inauguración se realizará este jueves 3 de septiembre, a las 17:00 horas, en dependencias de la Universidad de Concepción, Campus Los Ángeles.</strong><br />
Una invitación a encontrarnos con el arte, conocer nuevas miradas y disfrutar de nuestro campus como un espacio abierto a la creación y la cultura.</p>

<p>#ExtensiónUdeC Septiembre se llena de arte en el Campus Los Ángeles Este jueves 3 de septiembre inauguraremos dos nuevas muestras artísticas que estarán abiertas a nuestra comunidad durante este mes: [&hellip;]</p>
